hat is v(46)?
-89
Let c(t) = -17*t + 168. Give c(12).
-36
Let v(q) = -2*q**2 + 2*q. Give v(0).
0
Let m(z) = z**2 - 245*z + 2560. Calculate m(11).
-14
Let p(u) = 52*u + 70. Give p(-3).
-86
Let h(s) = -s**3 - 78*s**2 - 289*s + 509. Determine h(-74).
-9
Let o(y) = -2*y**3 + 20*y**2 - 13*y - 34. Give o(10).
-164
Let m(h) = 67*h + 13230. Calculate m(-198).
-36
Let z(v) = 27*v - 68. Give z(3).
13
Let r(z) = 4*z - 198. Give r(48).
-6
Let m(l) = -l**2 + 184*l - 21. Determine m(0).
-21
Let i(j) = 21*j + 819. Give i(-32).
147
Let z(x) = x**2 + 23*x - 32. Calculate z(-23).
-32
Let g(l) = -l**2 - 75*l - 927. Give g(-58).
59
Let g(q) = -2*q**3 - 53*q**2 - 74*q + 34. What is g(-25)?
9
Let f(l) = -17*l**3 + 7*l**2 + l - 24. Determine f(-3).
495
Let v(i) = i**3 + 5*i**2 + 13*i + 5. What is v(-2)?
-9
Let h(u) = -21*u**2 + 1046*u + 200. Give h(50).
0
Let g(h) = 35*h + 407. Determine g(-12).
-13
Let h(u) = 9*u + 684. Calculate h(-73).
27
Let l(x) = 294*x - 2405. Give l(8).
-53
Let v(f) = 516*f - 15949. Determine v(31).
47
Let i(b) = 215*b + 1568. Calculate i(-7).
63
Let l(z) = -2*z**2 - 8*z + 7. Give l(5).
-83
Let b(n) = 5*n**3 - 34*n**2 + 35*n - 76. Calculate b(6).
-10
Let d(c) = c**3 + 4*c**2 - 5*c - 46. Give d(-6).
-88
Let f(g) = 7*g**2 - 13*g + 43. Determine f(9).
493
Let r(o) = o**3 + 35*o**2 - 157*o + 10. Calculate r(5).
225
Let l(w) = -w**2 + 16*w + 104. Determine l(22).
-28
Let l(r) = -4*r**3 + 7*r**2 + r + 13. Determine l(4).
-127
Let g(b) = 455*b - 3644. Calculate g(8).
-4
Let u(r) = r**2 + 539*r - 6607. Give u(12).
5
Let j(w) = 64*w - 444. Calculate j(7).
4
Let j(t) = 5*t - 2052. Determine j(412).
8
Let y(k) = 96*k + 452. Calculate y(-6).
-124
Let g(r) = -3*r**3 + 206*r**2 + 79*r - 690. Calculate g(69).
0
Let q(g) = g**2 + 11*g - 367. What is q(15)?
23
Let y(a) = 6*a - 212. Calculate y(20).
-92
Let l(m) = -33*m - 514. Calculate l(-16).
14
Let r(a) = -36*a**2 + 391*a - 304. Give r(10).
6
Let q(m) = -m**2 - 39*m - 265. What is q(-8)?
-17
Let b(y) = 18*y - 133. What is b(9)?
29
Let f(c) = c**3 + 7*c**2 + 4*c - 23. What is f(-6)?
-11
Let c(m) = m**3 - 85*m**2 - 111*m + 2105. Give c(86).
-45
Let i(o) = 111*o + 1668. What is i(-15)?
3
Let t(r) = 14*r**2 - 76*r - 19. What is t(5)?
-49
Let d(l) = 5*l**2 - 29*l - 400. Determine d(-11).
524
Let g(r) = -2*r + 102. Give g(-3).
108
Let m(u) = 97*u + 572. Give m(4).
960
Let s(d) = -55*d + 2654. Calculate s(48).
14
Let x(b) = -43*b + 1355. Give x(31).
22
Let j(t) = -12*t**2 - 247*t - 69. Give j(-19).
292
Let b(j) = 2010*j + 14. What is b(0)?
14
Let h(r) = -r**3 - r**2 + 43*r + 119. Determine h(-4).
-5
Let g(y) = -11*y**3 + 35*y**2 + 19*y - 73. Determine g(3).
2
Let o(j) = 26*j - 344. Determine o(20).
176
Let y(s) = 15*s + 47. Determine y(15).
272
Let o(a) = -a**3 - 52*a**2 + 547*a - 93. Calculate o(-61).
29
Let y(h) = -183*h + 2225. Give y(12).
29
Let r(a) = -3*a - 7. What is r(25)?
-82
Let d(u) = 1159*u + 3476. What is d(-3)?
-1
Let v(i) = -i**2 + 54*i - 716. What is v(31)?
-3
Let k(n) = -n**2 + 107*n - 2348. Determine k(76).
8
Let g(f) = 33*f - 178. Calculate g(-9).
-475
Let y(m) = 223*m - 5164. Determine y(23).
-35
Let v(j) = j**2 + 33*j + 149. Give v(-6).
-13
Let j(s) = -2*s**3 + 175*s**2 + 447*s + 267. Determine j(90).
-3
Let s(g) = -9*g**2 + 16*g - 57. Give s(4).
-137
Let q(v) = 44*v + 35. What is q(-8)?
-317
Let u(c) = 1948*c + 23363. Give u(-12).
-13
Let l(r) = 18*r - 107. What is l(18)?
217
Let p(l) = -54*l - 118. What is p(-2)?
-10
Let q(o) = 24*o + 2137. Determine q(-89).
1
Let p(c) = -c**3 - 4*c**2 - 9*c + 23. Give p(4).
-141
Let q(g) = 101*g - 2119. What is q(21)?
2
Let s(z) = -z**3 + 25*z**2 + 245*z - 1656. Calculate s(-11).
5
Let p(u) = 16*u**2 + u + 13. Calculate p(-2).
75
Let c(j) = -j**3 + 26*j**2 - 93*j - 27. Calculate c(4).
-47
Let g(x) = 743*x + 92102. Give g(-124).
-30
Let g(z) = -2404*z + 149051. Determine g(62).
3
Let f(a) = 48*a**2 + 3*a. Determine f(-2).
186
Let d(l) = -7*l**2 + 455*l + 5. Calculate d(65).
5
Let d(w) = 28*w + 330. What is d(-12)?
-6
Let t(c) = c**3 + 98*c**2 + 193*c + 27. Calculate t(-96).
-69
Let n(a) = 15*a**2 + 374*a + 25. What is n(-25)?
50
Let w(r) = 3054*r + 6114. What is w(-2)?
6
Let d(t) = 2*t**2 - 10*t - 64. Calculate d(7).
-36
Let r(x) = x**3 + 6*x**2 - 6*x + 7. Determine r(-6).
43
Let i(r) = -r**3 - 13*r**2 - 157*r - 1477. Give i(-11).
8
Let f(k) = -2*k**2 + 75*k + 32. Calculate f(38).
-6
Let w(j) = 3*j**2 + 58*j + 25. Calculate w(-15).
-170
Let l(n) = -2*n**3 - 40*n**2 - 191*n - 62. Determine l(-7).
1
Let i(o) = o**3 + 65*o**2 + 1045*o + 33. Give i(-36).
-3
Let c(g) = -3015*g + 21117. Determine c(7).
12
Let v(p) = 2*p**2 - 17*p - 83. Give v(17).
206
Let d(v) = v**3 - 56*v**2 + 108*v + 17. Determine d(54).
17
Let f(m) = 2*m**3 - 31*m**2 + 103*m + 103. Calculate f(6).
37
Let m(t) = -104*t**2 + 1053*t - 107. Give m(10).
23
Let s(g) = -49*g**2 - 24*g - 34. What is s(-1)?
-59
Let f(u) = -3*u**3 + 30*u**2 + 5*u - 11. Determine f(10).
39
Let h(j) = -j**3 + 36*j**2 - 76*j - 12. Determine h(34).
-284
Let s(n) = 123*n + 226. What is s(4)?
718
Let q(t) = -3*t**2 + 8*t + 55. Give q(6).
-5
Let a(g) = -g**2 + 357*g - 16849. Give a(56).
7
Let q(n) = n**3 + 15*n**2 + 14*n + 11. What is q(0)?
11
Let y(z) = -151*z - 879. What is y(-6)?
27
Let x(t) = -t**2 - 1706*t - 177038. Determine x(-111).
7
Let l(x) = -5*x**2 + 301*x + 164. Give l(61).
-80
Let a(h) = h**3 + 8*h**2 - 179*h - 1313. What is a(-7)?
-11
Let s(b) = -b**2 - 123*b - 2821. Calculate s(-93).
-31
Let g(v) = 597*v - 57880. Determine g(97).
29
Let b(n) = n**3 - 18*n**2 - 46*n - 360. Calculate b(21).
-3
Let w(v) = -v**3 - 34*v**2 - 272*v + 33. Give w(-21).
12
Let o(x) = -x**2 + 57*x - 43. Calculate o(0).
-43
Let p(x) = -5653*x - 39567. Give p(-7).
4
Let d(l) = 356*l - 26321. Calculate d(74).
23
Let o(s) = 49*s - 205. Determine o(5).
40
Let r(j) = 109*j**2 + 66*j - 2. Determine r(-2).
302
Let x(t) = -t**3 - t**2 - 18*t - 46. What is x(-3)?
26
Let y(k) = -k**2 - 31*k + 17. Calculate y(-49).
-865
Let w(s) = -s**3 - 18*s**2 - 29*s - 17. What is w(-12)?
-533
Let t(r) = 2*r**2 + 75*r - 1912. What is t(-55)?
13
Let g(m) = -4*m**3 - 77*m**2 + 62*m + 41. Give g(-20).
1
Let s(t) = -t**3 - 58*t**2 - 271*t + 29. Give s(-53).
347
Let z(q) = 10*q**2 - 5*q - 87. Calculate z(5).
138
Let i(s) = 18*s + 243. Calculate i(-16).
-45
Let g(f) = -3*f**2 - 51*f + 23. What is g(-15)?
113
Let q(c) = 2*c**3 - 42*c**2 - 2*c + 28. What is q(21)?
-14
Let k(z) = -2*z**3 - 123*z**2 - 65*z + 62. Give k(-61).
306
Let y(f) = 40*f**2 + 398*f - 19. Give y(-10).
1
Let a(f) = -2*f**3 - 273*f**2 + 415*f + 138. Calculate a(-138).
0
Let u(o) = -o**3 - 14*o**2 + 75*o - 4. Determine u(4).
8
Let w(v) = 61*v - 3133. What is w(46)?
-327
Let o(t) = 5*t**2 + 223*t + 127. What is o(-44)?
-5
Let g(c) = 13*c - 161. Calculate g(12).
-5
Let z(n) = -n**3 - 53*n**2 + 125*n + 818. Calculate z(-55).
-7
Let p(s) = -2*s**2 + 99*s - 45. Calculate p(49).
4
Let v(s) = -287*s - 15210. Give v(-53).
1
Let h(w) = w**3 + 25*w**2 + 21*w - 30. Give h(-24).
42
Let o(r) = 44*r - 604. Give o(11).
-120
Let y(z) = 5*z**2 + 10*z - 54. Give y(6).
186
Let c(p) = -2*p**3 + 10*p**2 - 5*p - 1. What is c(7)?
-232
Let t(a) = 28*a - 45. What is t(27)?
711
Let f(j) = -59*j**2 + 286*j + 395. Give f(6).
-13
Let b(j) = -j**3 - 20*j**2 + 12*j + 45. Calculate b(-21).
234
Let h(z) = -2*z**2 - 243*z + 11943. Determine h(-159).
18
Let k(d) = -36*d**2 - 274*d - 152. Give k(-7).
2
Let w(c) = -124*c + 849. Determine w(7).
-19
Let z(s) = -s**3 - 36*s**2 - 107*s - 2514. Determine z(-35).
6
Let m(v) = v**2 + 58*v + 158. Calculate m(-3).
-7
Let u(c) = -753*c - 20344. Give u(-27).
-13
Let a(v) = 4*v**3 + 27*v**2 + 12*v + 5. What is a(-3)?
104
Let v(f) = -16*f - 41. Determine v(-4).
23
Let f(l) = -5*l**2 - 19*l - 32. Give f(-5).
-62
Let k(h) = h**3 - 25*h**2 - 4*h - 24. Calculate k(25).
-124
Let i(a) = a**3 + 8*a**2 + 53*a + 191. Give i(-8).
-233
Let g(l) = -l**2 - 45*l - 284. What is g(-10)?
66
Let v(l) = -19*l**2 + 96*l + 2. Calculate v(5).
7
Let d(r) = 6*r - 266. Give d(45).
4
Let o(s) = 345*s**2 + 3*s - 5. Give o(1).
343
Let s(a) = 406*a**2 + 3255*a + 68. Give s(-8).
12
Let u(v) = -97*v**2 - 293*v - 13. Determine u(-3).
-7
Let i(v) = -788*v + 40970. Give i(52).
-6
Let w(l) = l**3 + 17*l**2 - 73*l - 1417. Determine 